{"id":1031,"date":"2026-04-24T11:58:42","date_gmt":"2026-04-24T09:58:42","guid":{"rendered":"https:\/\/matthiasdaehling.com\/?post_type=mec-events&#038;p=1031"},"modified":"2026-04-24T11:58:42","modified_gmt":"2026-04-24T09:58:42","slug":"j-s-bach-herz-und-mund-und-tat-und-leben-bwv-147","status":"publish","type":"mec-events","link":"https:\/\/matthiasdaehling.com\/en\/events\/j-s-bach-herz-und-mund-und-tat-und-leben-bwv-147\/","title":{"rendered":"J.S. Bach: Herz und Mund und Tat und Leben, BWV 147"},"content":{"rendered":"<p>Johann Sebastian Bach: Kantate BWV 147 im Rahmen eines Gottesdienstes.<\/p>\n<p>&nbsp;<\/p>\n<p>Johanna Ne\u00df (Sopran)<\/p>\n<p>Matthias D\u00e4hling (Altus)<\/p>\n<p>Stephan Scherpe (Tenor)<\/p>\n<p>Niklas M\u00fcnch (Bass)<\/p>\n<p>Mitglieder der Universit\u00e4tsmusik G\u00f6ttingen<\/p>\n<p>Leitung: Antonius Adamske<\/p>","protected":false},"excerpt":{"rendered":"<p>Johann Sebastian Bach: Kantate BWV 147 im Rahmen eines Gottesdienstes. &nbsp; Johanna Ne\u00df (Sopran) Matthias D\u00e4hling (Altus) Stephan Scherpe (Tenor) Niklas M\u00fcnch (Bass) Mitglieder der Universit\u00e4tsmusik G\u00f6ttingen Leitung: Antonius Adamske<\/p>","protected":false},"author":1,"featured_media":0,"comment_status":"open","ping_status":"closed","template":"","tags":[],"mec_category":[],"class_list":["post-1031","mec-events","type-mec-events","status-publish","hentry"],"_links":{"self":[{"href":"https:\/\/matthiasdaehling.com\/en\/wp-json\/wp\/v2\/mec-events\/1031","targetHints":{"allow":["GET"]}}],"collection":[{"href":"https:\/\/matthiasdaehling.com\/en\/wp-json\/wp\/v2\/mec-events"}],"about":[{"href":"https:\/\/matthiasdaehling.com\/en\/wp-json\/wp\/v2\/types\/mec-events"}],"author":[{"embeddable":true,"href":"https:\/\/matthiasdaehling.com\/en\/wp-json\/wp\/v2\/users\/1"}],"replies":[{"embeddable":true,"href":"https:\/\/matthiasdaehling.com\/en\/wp-json\/wp\/v2\/comments?post=1031"}],"wp:attachment":[{"href":"https:\/\/matthiasdaehling.com\/en\/wp-json\/wp\/v2\/media?parent=1031"}],"wp:term":[{"taxonomy":"post_tag","embeddable":true,"href":"https:\/\/matthiasdaehling.com\/en\/wp-json\/wp\/v2\/tags?post=1031"},{"taxonomy":"mec_category","embeddable":true,"href":"https:\/\/matthiasdaehling.com\/en\/wp-json\/wp\/v2\/mec_category?post=1031"}],"curies":[{"name":"wp","href":"https:\/\/api.w.org\/{rel}","templated":true}]}}

<p>Johann Sebastian Bach: Kantate BWV 147 im Rahmen eines Gottesdienstes.</p>
<p>&nbsp;</p>
<p>Johanna Neß (Sopran)</p>
<p>Matthias Dähling (Altus)</p>
<p>Stephan Scherpe (Tenor)</p>
<p>Niklas Münch (Bass)</p>
<p>Mitglieder der Universitätsmusik Göttingen</p>
<p>Leitung: Antonius Adamske</p>

<p>Johann Sebastian Bach: Kantate BWV 147 im Rahmen eines Gottesdienstes. &nbsp; Johanna Neß (Sopran) Matthias Dähling (Altus) Stephan Scherpe (Tenor) Niklas Münch (Bass) Mitglieder der Universitätsmusik Göttingen Leitung: Antonius Adamske</p>
