{"id":1033,"date":"2026-04-24T12:14:27","date_gmt":"2026-04-24T10:14:27","guid":{"rendered":"https:\/\/matthiasdaehling.com\/?post_type=mec-events&#038;p=1033"},"modified":"2026-04-24T12:14:27","modified_gmt":"2026-04-24T10:14:27","slug":"via-francigena-eroeffnungskonzert-des-erasmus-klingt-festivals-cco","status":"publish","type":"mec-events","link":"https:\/\/matthiasdaehling.com\/en\/events\/via-francigena-eroeffnungskonzert-des-erasmus-klingt-festivals-cco\/","title":{"rendered":"&#8222;Via Francigena&#8220; &#8211; Er\u00f6ffnungskonzert des &#8222;Erasmus klingt!&#8220;-Festivals (CCO)"},"content":{"rendered":"<p>Er\u00f6ffnungskonzert des <em>Erasmus Klingt!<\/em>-Festivals 2026 in Basel.<\/p>\n<p>Offizielle Konzertank\u00fcndigung:<\/p>\n<p>&#8222;Der als \u00abFrankenweg\u00bb bekannte Pilgerweg von Canterbury nach Rom bildet den geistigen Kompass dieses von Sir John Eliot Gardiner konzipierten Programms. Entlang dieser grossen trans-europ\u00e4ischen Route verbindet es geistliche Werke von Komponisten der Renaissance und des Fr\u00fchbarocks, die in den kulturellen Zentren zwischen England, Frankreich und Italien wirkten \u2013 und deren Musik selbst zu einer Form klanglicher Pilgerschaft wurde.<\/p>\n<p>In eindringlichen geistlichen Werken entfaltet sich eine ber\u00fchrende, spirituelle und zugleich sinnliche Klangwelt. Das Programm gew\u00e4hrt faszinierende Einblicke in die fr\u00fchen musikalischen Ausdrucksformen des Humanismus, in denen sich pers\u00f6nlicher Glaube, rhetorische Gestaltungskraft und k\u00fcnstlerische Individualit\u00e4t auf neue Weise begegnen.&#8220;<\/p>\n<p>&nbsp;<\/p>\n<p>Programme:<br \/>\nMorales &#8211; Parce mihi, Domine<br \/>\nSenfl &#8211; Ave rosa sine spinis<br \/>\nLobo &#8211; Versa est in Luctum<br \/>\nWhite &#8211; Lamentations<br \/>\nByrd &#8211; Laudibus in Sanctis<br \/>\nClemens &#8211; O Maria vernans rosa<br \/>\nVictoria &#8211; O Quam Gloriosum<br \/>\nVictoria &#8211; Missa O Quam Gloriosum<br \/>\nMonteverdi &#8211; Ave Maris Stella<\/p>\n<p>&nbsp;<\/p>\n<p>Constellation Choir<\/p>\n<p>John Eliot Gardiner &#8211; Dirigent<\/p>\n<p>Alain Claude Sulzer &#8211; Lesung<\/p>","protected":false},"excerpt":{"rendered":"<p>Er\u00f6ffnungskonzert des Erasmus Klingt!-Festivals 2026 in Basel. Offizielle Konzertank\u00fcndigung: &#8222;Der als \u00abFrankenweg\u00bb bekannte Pilgerweg von Canterbury nach Rom bildet den geistigen Kompass dieses von Sir John Eliot Gardiner konzipierten Programms. Entlang dieser grossen trans-europ\u00e4ischen Route verbindet es geistliche Werke von Komponisten der Renaissance und des Fr\u00fchbarocks, die in den kulturellen Zentren zwischen England, Frankreich und &hellip; <\/p>\n<p class=\"link-more\"><a href=\"https:\/\/matthiasdaehling.com\/en\/events\/via-francigena-eroeffnungskonzert-des-erasmus-klingt-festivals-cco\/\" class=\"more-link\">Read more<span class=\"screen-reader-text\"> &#8222;&#8222;Via Francigena&#8220; &#8211; Er\u00f6ffnungskonzert des &#8222;Erasmus klingt!&#8220;-Festivals (CCO)&#8220;<\/span><\/a><\/p>","protected":false},"author":1,"featured_media":0,"comment_status":"open","ping_status":"closed","template":"","tags":[],"mec_category":[],"class_list":["post-1033","mec-events","type-mec-events","status-publish","hentry"],"_links":{"self":[{"href":"https:\/\/matthiasdaehling.com\/en\/wp-json\/wp\/v2\/mec-events\/1033","targetHints":{"allow":["GET"]}}],"collection":[{"href":"https:\/\/matthiasdaehling.com\/en\/wp-json\/wp\/v2\/mec-events"}],"about":[{"href":"https:\/\/matthiasdaehling.com\/en\/wp-json\/wp\/v2\/types\/mec-events"}],"author":[{"embeddable":true,"href":"https:\/\/matthiasdaehling.com\/en\/wp-json\/wp\/v2\/users\/1"}],"replies":[{"embeddable":true,"href":"https:\/\/matthiasdaehling.com\/en\/wp-json\/wp\/v2\/comments?post=1033"}],"wp:attachment":[{"href":"https:\/\/matthiasdaehling.com\/en\/wp-json\/wp\/v2\/media?parent=1033"}],"wp:term":[{"taxonomy":"post_tag","embeddable":true,"href":"https:\/\/matthiasdaehling.com\/en\/wp-json\/wp\/v2\/tags?post=1033"},{"taxonomy":"mec_category","embeddable":true,"href":"https:\/\/matthiasdaehling.com\/en\/wp-json\/wp\/v2\/mec_category?post=1033"}],"curies":[{"name":"wp","href":"https:\/\/api.w.org\/{rel}","templated":true}]}}

&#8222;Via Francigena&#8220; &#8211; Eröffnungskonzert des &#8222;Erasmus klingt!&#8220;-Festivals (CCO)

<p>Eröffnungskonzert des <em>Erasmus Klingt!</em>-Festivals 2026 in Basel.</p>
<p>Offizielle Konzertankündigung:</p>
<p>&#8222;Der als «Frankenweg» bekannte Pilgerweg von Canterbury nach Rom bildet den geistigen Kompass dieses von Sir John Eliot Gardiner konzipierten Programms. Entlang dieser grossen trans-europäischen Route verbindet es geistliche Werke von Komponisten der Renaissance und des Frühbarocks, die in den kulturellen Zentren zwischen England, Frankreich und Italien wirkten – und deren Musik selbst zu einer Form klanglicher Pilgerschaft wurde.</p>
<p>In eindringlichen geistlichen Werken entfaltet sich eine berührende, spirituelle und zugleich sinnliche Klangwelt. Das Programm gewährt faszinierende Einblicke in die frühen musikalischen Ausdrucksformen des Humanismus, in denen sich persönlicher Glaube, rhetorische Gestaltungskraft und künstlerische Individualität auf neue Weise begegnen.&#8220;</p>
<p>&nbsp;</p>
<p>Programme:<br />
Morales &#8211; Parce mihi, Domine<br />
Senfl &#8211; Ave rosa sine spinis<br />
Lobo &#8211; Versa est in Luctum<br />
White &#8211; Lamentations<br />
Byrd &#8211; Laudibus in Sanctis<br />
Clemens &#8211; O Maria vernans rosa<br />
Victoria &#8211; O Quam Gloriosum<br />
Victoria &#8211; Missa O Quam Gloriosum<br />
Monteverdi &#8211; Ave Maris Stella</p>
<p>&nbsp;</p>
<p>Constellation Choir</p>
<p>John Eliot Gardiner &#8211; Dirigent</p>
<p>Alain Claude Sulzer &#8211; Lesung</p>

<p>Eröffnungskonzert des Erasmus Klingt!-Festivals 2026 in Basel. Offizielle Konzertankündigung: &#8222;Der als «Frankenweg» bekannte Pilgerweg von Canterbury nach Rom bildet den geistigen Kompass dieses von Sir John Eliot Gardiner konzipierten Programms. Entlang dieser grossen trans-europäischen Route verbindet es geistliche Werke von Komponisten der Renaissance und des Frühbarocks, die in den kulturellen Zentren zwischen England, Frankreich und &hellip; </p>
<p class="link-more"><a href="https://matthiasdaehling.com/en/events/via-francigena-eroeffnungskonzert-des-erasmus-klingt-festivals-cco/" class="more-link">Read more<span class="screen-reader-text"> &#8222;&#8222;Via Francigena&#8220; &#8211; Eröffnungskonzert des &#8222;Erasmus klingt!&#8220;-Festivals (CCO)&#8220;</span></a></p>
