{"id":573,"date":"2023-08-17T23:55:18","date_gmt":"2023-08-17T21:55:18","guid":{"rendered":"https:\/\/matthiasdaehling.com\/?post_type=mec-events&#038;p=573"},"modified":"2023-08-18T00:00:16","modified_gmt":"2023-08-17T22:00:16","slug":"g-carissimi-jephte","status":"publish","type":"mec-events","link":"https:\/\/matthiasdaehling.com\/en\/events\/g-carissimi-jephte\/","title":{"rendered":"G. Carissimi: Jephte"},"content":{"rendered":"<p>Giacomo Carissimi: Jephte<\/p>\n<p>sowie weitere Werke.<\/p>\n<p>Conductor: Joerg Mueller<\/p>\n<p>&nbsp;<\/p>\n<p>Weitere Informationen folgen n\u00e4her am Event.<\/p>","protected":false},"excerpt":{"rendered":"<p>Giacomo Carissimi: Jephte sowie weitere Werke. Leitung: J\u00f6rg M\u00fcller &nbsp; Weitere Informationen folgen n\u00e4her am Event.<\/p>","protected":false},"author":1,"featured_media":0,"comment_status":"open","ping_status":"closed","template":"","tags":[],"mec_category":[],"class_list":["post-573","mec-events","type-mec-events","status-publish","hentry"],"_links":{"self":[{"href":"https:\/\/matthiasdaehling.com\/en\/wp-json\/wp\/v2\/mec-events\/573","targetHints":{"allow":["GET"]}}],"collection":[{"href":"https:\/\/matthiasdaehling.com\/en\/wp-json\/wp\/v2\/mec-events"}],"about":[{"href":"https:\/\/matthiasdaehling.com\/en\/wp-json\/wp\/v2\/types\/mec-events"}],"author":[{"embeddable":true,"href":"https:\/\/matthiasdaehling.com\/en\/wp-json\/wp\/v2\/users\/1"}],"replies":[{"embeddable":true,"href":"https:\/\/matthiasdaehling.com\/en\/wp-json\/wp\/v2\/comments?post=573"}],"wp:attachment":[{"href":"https:\/\/matthiasdaehling.com\/en\/wp-json\/wp\/v2\/media?parent=573"}],"wp:term":[{"taxonomy":"post_tag","embeddable":true,"href":"https:\/\/matthiasdaehling.com\/en\/wp-json\/wp\/v2\/tags?post=573"},{"taxonomy":"mec_category","embeddable":true,"href":"https:\/\/matthiasdaehling.com\/en\/wp-json\/wp\/v2\/mec_category?post=573"}],"curies":[{"name":"wp","href":"https:\/\/api.w.org\/{rel}","templated":true}]}}

<p>Giacomo Carissimi: Jephte</p>
<p>sowie weitere Werke.</p>
<p>Conductor: Joerg Mueller</p>
<p>&nbsp;</p>
<p>Weitere Informationen folgen näher am Event.</p>

<p>Giacomo Carissimi: Jephte sowie weitere Werke. Leitung: Jörg Müller &nbsp; Weitere Informationen folgen näher am Event.</p>
